 195 is divided by 25?
20
What is the remainder when 73 is divided by 14?
3
Calculate the remainder when 1059 is divided by 38.
33
Calculate the remainder when 99 is divided by 8.
3
What is the remainder when 316 is divided by 107?
102
What is the remainder when 20000 is divided by 113?
112
What is the remainder when 77 is divided by 27?
23
What is the remainder when 360 is divided by 73?
68
What is the remainder when 658 is divided by 5?
3
Calculate the remainder when 63 is divided by 14.
7
Calculate the remainder when 146 is divided by 83.
63
What is the remainder when 367 is divided by 210?
157
What is the remainder when 52 is divided by 6?
4
What is the remainder when 273 is divided by 12?
9
What is the remainder when 188 is divided by 48?
44
What is the remainder when 1157 is divided by 576?
5
What is the remainder when 177 is divided by 62?
53
What is the remainder when 1097 is divided by 25?
22
Calculate the remainder when 74 is divided by 8.
2
Calculate the remainder when 17576 is divided by 149.
143
Calculate the remainder when 2275 is divided by 53.
49
What is the remainder when 160 is divided by 12?
4
Calculate the remainder when 429 is divided by 110.
99
Calculate the remainder when 685 is divided by 114.
1
What is the remainder when 239 is divided by 40?
39
What is the remainder when 125 is divided by 9?
8
Calculate the remainder when 650 is divided by 80.
10
What is the remainder when 68 is divided by 25?
18
What is the remainder when 383 is divided by 11?
9
Calculate the remainder when 99 is divided by 23.
7
What is the remainder when 642 is divided by 220?
202
What is the remainder when 193 is divided by 14?
11
What is the remainder when 271 is divided by 87?
10
Calculate the remainder when 259 is divided by 11.
6
What is the remainder when 241 is divided by 48?
1
What is the remainder when 125 is divided by 62?
1
What is the remainder when 159 is divided by 33?
27
Calculate the remainder when 480 is divided by 5.
0
What is the remainder when 532 is divided by 175?
7
Calculate the remainder when 155 is divided by 7.
1
Calculate the remainder when 352 is divided by 72.
64
Calculate the remainder when 173 is divided by 58.
57
What is the remainder when 1009 is divided by 72?
1
What is the remainder when 2937 is divided by 973?
18
What is the remainder when 105 is divided by 38?
29
Calculate the remainder when 583 is divided by 14.
9
Calculate the remainder when 650 is divided by 21.
20
Calculate the remainder when 2192 is divided by 10.
2
What is the remainder when 223 is divided by 75?
73
What is the remainder when 2893 is divided by 50?
43
What is the remainder when 176 is divided by 28?
8
What is the remainder when 426 is divided by 108?
102
Calculate the remainder when 7928 is divided by 660.
8
What is the remainder when 124 is divided by 13?
7
Calculate the remainder when 962 is divided by 64.
2
Calculate the remainder when 64 is divided by 26.
12
What is the remainder when 248 is divided by 63?
59
Calculate the remainder when 63 is divided by 15.
3
What is the remainder when 274 is divided by 93?
88
Calculate the remainder when 264 is divided by 81.
21
What is the remainder when 393 is divided by 126?
15
What is the remainder when 614 is divided by 11?
9
Calculate the remainder when 112 is divided by 8.
0
What is the remainder when 4332 is divided by 863?
17
What is the remainder when 519 is divided by 4?
3
Calculate the remainder when 693 is divided by 198.
99
What is the remainder when 73 is divided by 25?
23
What is the remainder when 12233 is divided by 19?
16
What is the remainder when 175 is divided by 45?
40
What is the remainder when 975 is divided by 47?
35
What is the remainder when 210 is divided by 142?
68
What is the remainder when 362 is divided by 36?
2
What is the remainder when 102 is divided by 35?
32
What is the remainder when 38 is divided by 8?
6
Calculate the remainder when 160 is divided by 46.
22
Calculate the remainder when 1825 is divided by 292.
73
Calculate the remainder when 12634 is divided by 71.
67
Calculate the remainder when 362 is divided by 47.
33
Calculate the remainder when 172 is divided by 82.
8
What is the remainder when 22159 is divided by 20?
19
Calculate the remainder when 298 is divided by 12.
10
What is the remainder when 12492 is divided by 35?
32
Calculate the remainder when 298 is divided by 232.
66
Calculate the remainder when 20 is divided by 18.
2
What is the remainder when 226 is divided by 46?
42
Calculate the remainder when 265 is divided by 125.
15
What is the remainder when 10376 is divided by 107?
104
What is the remainder when 116 is divided by 61?
55
What is the remainder when 481 is divided by 62?
47
Calculate the remainder when 541 is divided by 18.
1
Calculate the remainder when 2539 is divided by 120.
19
Calculate the remainder when 781 is divided by 199.
184
Calculate the remainder when 3624 is divided by 191.
186
Calculate the remainder when 230 is divided by 77.
76
Calculate the remainder when 323 is divided by 109.
105
Calculate the remainder when 86 is divided by 15.
11
What is the remainder when 183 is divided by 26?
1
Calculate the remainder when 476 is divided by 80.
76
What is the remainder when 10057 is divided by 5?
2
Calculate the remainder when 1624 is divided by 13.
12
Calculate the remainder when 3234 is divided by 640.
34
What is the remainder when 679 is divided by 40?
39
Calculate the remainder when 9040 is divided by 12.
4
What is the remainder when 2647 is divided by 221?
216
What is the remainder when 436 is divided by 118?
82
Calculate the remainder when 266 is divided by 50.
16
What is the remainder when 846 is divided by 16?
14
Calculate the remainder when 175 is divided by 60.
55
What is the remainder when 3142 is divided by 50?
42
What is the remainder when 282 is divided by 36?
30
What is the remainder when 4956 is divided by 134?
132
What is the remainder when 150 is divided by 74?
2
What is the remainder when 269 is divided by 53?
4
Calculate the remainder when 3934 is divided by 32.
30
What is the remainder when 68 is divided by 44?
24
What is the remainder when 265 is divided by 212?
53
Calculate the remainder when 1870 is divided by 117.
115
What is the remainder when 96 is divided by 42?
12
Calculate the remainder when 2639 is divided by 66.
65
Calculate the remainder when 13352 is divided by 53.
49
Calculate the remainder when 18639 is divided by 8.
7
Calculate the remainder when 228 is divided by 211.
17
Calculate the remainder when 100 is divided by 26.
22
Calculate the remainder when 165 is divided by 42.
39
Calculate the remainder when 496 is divided by 69.
13
What is the remainder when 233 is divided by 217?
16
What is the remainder when 1810 is divided by 7?
4
Calculate the remainder when 26260 is divided by 15.
10
What is the remainder when 242 is divided by 64?
50
What is the remainder when 4385 is divided by 364?
17
Calculate the remainder when 1534 is divided by 128.
126
Calculate the remainder when 41 is divided by 14.
13
Calculate the remainder when 243 is divided by 16.
3
Calculate the remainder when 37 is divided by 10.
7
What is the remainder when 90 is divided by 13?
12
What is the remainder when 95 is divided by 25?
20
Calculate the remainder when 641 is divided by 92.
89
Calculate the remainder when 66 is divided by 8.
2
What is the remainder when 1646 is divided by 341?
282
What is the remainder when 161 is divided by 84?
77
Calculate the remainder when 317 is divided by 114.
89
Calculate the remainder when 19580 is divided by 18.
14
Calculate the remainder when 51 is divided by 22.
7
What is the remainder when 77 is divided by 27?
23
What is the remainder when 452 is divided by 12?
8
Calculate the remainder when 177 is divided by 15.
12
What is the remainder when 69 is divided by 49?
20
Calculate the remainder when 3773 is divided by 42.
35
What is the remainder when 89 is divided by 24?
17
What is the remainder when 94 is divided by 41?
12
Calculate the remainder when 155 is divided by 13.
12
What is the remainder when 839 is divided by 75?
14
What is the remainder when 334 is divided by 56?
54
What is the remainder when 47 is divided by 18?
11
What is the remainder when 119 is divided by 15?
14
What i